{"id":365,"date":"2025-11-03T19:14:53","date_gmt":"2025-11-03T18:14:53","guid":{"rendered":"https:\/\/www.cx80.sk\/?page_id=365"},"modified":"2025-11-03T20:06:19","modified_gmt":"2025-11-03T19:06:19","slug":"biele-mazivo","status":"publish","type":"page","link":"https:\/\/www.cx80.sk\/?page_id=365","title":{"rendered":"Biele mazivo"},"content":{"rendered":"\n<p>N\u00edzko-teplotn\u00e9 v\u00e1penat\u00e9 mazivo. Nezanech\u00e1va \u0161kvrny. Prenik\u00e1 do jemn\u00fdch trhl\u00edn, vytv\u00e1raj\u00fac mazaciu vrstvu, ktor\u00e1 zost\u00e1va presne tam, kde bola nanesen\u00e1.<\/p>\n\n\n\n<p><strong><em>VLASTNOSTI:<\/em> <\/strong><\/p>\n\n\n\n<ul class=\"wp-block-list\">\n<li>netuhne<\/li>\n\n\n\n<li>nestek\u00e1<\/li>\n\n\n\n<li>nesp\u00f4sobuje zmenu farieb a laku<\/li>\n\n\n\n<li>odoln\u00e9 vo\u010di vode a vysok\u00fdm teplot\u00e1m<\/li>\n\n\n\n<li>odstra\u0148uje hrdzu<\/li>\n\n\n\n<li>odolnos\u0165 vo\u010di teplot\u00e1m od -40\u00b0C do +100\u00b0C.<\/li>\n<\/ul>\n\n\n\n<p><em><strong>POU\u017dITIE:<\/strong><\/em><\/p>\n\n\n\n<ul class=\"wp-block-list\">\n<li>pre v\u0161etky kovov\u00e9 spoje vr\u00e1tene automobilov\u00fdch karos\u00e9rii<\/li>\n\n\n\n<li>z\u00e1vesy<\/li>\n\n\n\n<li>z\u00e1mky<\/li>\n\n\n\n<li>lank\u00e1<\/li>\n\n\n\n<li>pru\u017einy dver\u00ed.<\/li>\n<\/ul>\n\n\n\n<figure class=\"wp-block-gallery has-nested-images columns-default is-cropped wp-block-gallery-1 is-layout-flex wp-block-gallery-is-layout-flex\"><div class=\"wp-block-image\">\n<figure class=\"alignleft size-large\"><img loading=\"lazy\" decoding=\"async\" width=\"365\" height=\"983\" data-id=\"366\" src=\"https:\/\/www.cx80.sk\/wp-content\/uploads\/2025\/11\/biele_mazivo.jpg\" alt=\"\" class=\"wp-image-366\" srcset=\"https:\/\/www.cx80.sk\/wp-content\/uploads\/2025\/11\/biele_mazivo.jpg 365w, https:\/\/www.cx80.sk\/wp-content\/uploads\/2025\/11\/biele_mazivo-111x300.jpg 111w\" sizes=\"auto, (max-width: 365px) 100vw, 365px\" \/><\/figure>\n<\/div><\/figure>\n\n\n\n<figure class=\"wp-block-embed alignwide is-type-video is-provider-youtube wp-block-embed-youtube wp-embed-aspect-16-9 wp-has-aspect-ratio\"><div class=\"wp-block-embed__wrapper\">\n<iframe loading=\"lazy\" title=\"CX-80 - Bia\u0142y Smar\" width=\"750\" height=\"422\" src=\"https:\/\/www.youtube.com\/embed\/grHbMTqf9zE?feature=oembed\" frameborder=\"0\" allow=\"accelerometer; autoplay; clipboard-write; encrypted-media; gyroscope; picture-in-picture; web-share\" referrerpolicy=\"strict-origin-when-cross-origin\" allowfullscreen><\/iframe>\n<\/div><\/figure>\n\n\n\n<p><\/p>\n","protected":false},"excerpt":{"rendered":"<p>N\u00edzko-teplotn\u00e9 v\u00e1penat\u00e9 mazivo. Nezanech\u00e1va \u0161kvrny. Prenik\u00e1 do jemn\u00fdch trhl\u00edn, vytv\u00e1raj\u00fac mazaciu vrstvu, ktor\u00e1 zost\u00e1va presne tam, kde bola nanesen\u00e1. VLASTNOSTI: POU\u017dITIE:<\/p>\n","protected":false},"author":1,"featured_media":37,"parent":0,"menu_order":0,"comment_status":"closed","ping_status":"closed","template":"","meta":{"footnotes":""},"class_list":["post-365","page","type-page","status-publish","has-post-thumbnail","hentry"],"_links":{"self":[{"href":"https:\/\/www.cx80.sk\/index.php?rest_route=\/wp\/v2\/pages\/365","targetHints":{"allow":["GET"]}}],"collection":[{"href":"https:\/\/www.cx80.sk\/index.php?rest_route=\/wp\/v2\/pages"}],"about":[{"href":"https:\/\/www.cx80.sk\/index.php?rest_route=\/wp\/v2\/types\/page"}],"author":[{"embeddable":true,"href":"https:\/\/www.cx80.sk\/index.php?rest_route=\/wp\/v2\/users\/1"}],"replies":[{"embeddable":true,"href":"https:\/\/www.cx80.sk\/index.php?rest_route=%2Fwp%2Fv2%2Fcomments&post=365"}],"version-history":[{"count":2,"href":"https:\/\/www.cx80.sk\/index.php?rest_route=\/wp\/v2\/pages\/365\/revisions"}],"predecessor-version":[{"id":370,"href":"https:\/\/www.cx80.sk\/index.php?rest_route=\/wp\/v2\/pages\/365\/revisions\/370"}],"wp:featuredmedia":[{"embeddable":true,"href":"https:\/\/www.cx80.sk\/index.php?rest_route=\/wp\/v2\/media\/37"}],"wp:attachment":[{"href":"https:\/\/www.cx80.sk\/index.php?rest_route=%2Fwp%2Fv2%2Fmedia&parent=365"}],"curies":[{"name":"wp","href":"https:\/\/api.w.org\/{rel}","templated":true}]}}