{"id":380,"date":"2025-11-03T19:27:05","date_gmt":"2025-11-03T18:27:05","guid":{"rendered":"https:\/\/www.cx80.sk\/?page_id=380"},"modified":"2025-11-03T20:07:04","modified_gmt":"2025-11-03T19:07:04","slug":"hlinikove-mazivo","status":"publish","type":"page","link":"https:\/\/www.cx80.sk\/?page_id=380","title":{"rendered":"Hlin\u00edkov\u00e9 mazivo"},"content":{"rendered":"\n<p>Modern\u00e9 viac\u00fa\u010delov\u00e9 mazivo s obsahom hlin\u00edkov\u00e9ho prachu na spoje vystaven\u00e9 ve\u013emi vysok\u00fdm teplot\u00e1m.<\/p>\n\n\n\n<p><strong>VLASTNOSTI<\/strong>: zni\u017euje trenie a opotrebenie s\u00fa\u010diastok \u2013 zabra\u0148uje v\u0155zganiu \u2013 odoln\u00fd vo\u010di vysok\u00e9mu tlaku \u2013 chr\u00e1ni pred kor\u00f3ziou a oxid\u00e1ciou \u2013 nereaguje s gumou \u2013 chr\u00e1ni pred prilepen\u00edm \u010dapov \u2013 odoln\u00fd vo\u010di vode a slab\u00fdm roztokom kysel\u00edn a z\u00e1sad \u2013 tlm\u00ed vibr\u00e1cie \u2013 teplota pou\u017eitia od -35 \u00b0C do +1100 \u00b0C \u2013 trieda NLGI 2.<\/p>\n\n\n\n<p><strong>POU\u017dITIE<\/strong>: mazanie zadn\u00fdch \u010dast\u00ed brzdov\u00fdch trec\u00edch do\u0161ti\u010diek, skrutkov\u00fdch spojov (skrutky v\u00fdfukov\u00e9ho potrubia, z\u00e1vity \u017ehaviacich svie\u010dok at\u010f.) \u2013 zabra\u0148uje sp\u00e1leniu trval\u00fdch tesnen\u00ed \u2013 ochrana d\u00fdz pre obl\u00fakov\u00e9 zv\u00e1ranie v inertnom plyne \u2013 ochrana lambda sond a vstrekova\u010dov \u2013 v\u0161ade tam, kde je vyl\u00fa\u010den\u00e9 pou\u017eitie meden\u00e9ho maziva a s\u00fa\u010diastky s\u00fa vystaven\u00e9 vysok\u00fdm teplot\u00e1m.<\/p>\n\n\n\n<figure class=\"wp-block-image size-full\"><img loading=\"lazy\" decoding=\"async\" width=\"800\" height=\"800\" src=\"https:\/\/www.cx80.sk\/wp-content\/uploads\/2025\/11\/smar-aluminiowy.jpg\" alt=\"\" class=\"wp-image-381\" srcset=\"https:\/\/www.cx80.sk\/wp-content\/uploads\/2025\/11\/smar-aluminiowy.jpg 800w, https:\/\/www.cx80.sk\/wp-content\/uploads\/2025\/11\/smar-aluminiowy-300x300.jpg 300w, https:\/\/www.cx80.sk\/wp-content\/uploads\/2025\/11\/smar-aluminiowy-150x150.jpg 150w, https:\/\/www.cx80.sk\/wp-content\/uploads\/2025\/11\/smar-aluminiowy-768x768.jpg 768w\" sizes=\"auto, (max-width: 800px) 100vw, 800px\" \/><\/figure>\n\n\n\n<figure class=\"wp-block-embed is-type-video is-provider-youtube wp-block-embed-youtube wp-embed-aspect-16-9 wp-has-aspect-ratio\"><div class=\"wp-block-embed__wrapper\">\n<iframe loading=\"lazy\" title=\"CX-80 -   Smar aluminiowy\" width=\"750\" height=\"422\" src=\"https:\/\/www.youtube.com\/embed\/NUAKjygjzuY?feature=oembed\" frameborder=\"0\" allow=\"accelerometer; autoplay; clipboard-write; encrypted-media; gyroscope; picture-in-picture; web-share\" referrerpolicy=\"strict-origin-when-cross-origin\" allowfullscreen><\/iframe>\n<\/div><\/figure>\n","protected":false},"excerpt":{"rendered":"<p>Modern\u00e9 viac\u00fa\u010delov\u00e9 mazivo s obsahom hlin\u00edkov\u00e9ho prachu na spoje vystaven\u00e9 ve\u013emi vysok\u00fdm teplot\u00e1m. VLASTNOSTI: zni\u017euje trenie a opotrebenie s\u00fa\u010diastok \u2013 zabra\u0148uje v\u0155zganiu \u2013 odoln\u00fd vo\u010di vysok\u00e9mu tlaku \u2013 chr\u00e1ni pred kor\u00f3ziou a oxid\u00e1ciou \u2013 nereaguje s gumou \u2013 chr\u00e1ni pred prilepen\u00edm \u010dapov \u2013 odoln\u00fd vo\u010di vode a slab\u00fdm roztokom kysel\u00edn [&hellip;]<\/p>\n","protected":false},"author":1,"featured_media":37,"parent":0,"menu_order":0,"comment_status":"closed","ping_status":"closed","template":"","meta":{"footnotes":""},"class_list":["post-380","page","type-page","status-publish","has-post-thumbnail","hentry"],"_links":{"self":[{"href":"https:\/\/www.cx80.sk\/index.php?rest_route=\/wp\/v2\/pages\/380","targetHints":{"allow":["GET"]}}],"collection":[{"href":"https:\/\/www.cx80.sk\/index.php?rest_route=\/wp\/v2\/pages"}],"about":[{"href":"https:\/\/www.cx80.sk\/index.php?rest_route=\/wp\/v2\/types\/page"}],"author":[{"embeddable":true,"href":"https:\/\/www.cx80.sk\/index.php?rest_route=\/wp\/v2\/users\/1"}],"replies":[{"embeddable":true,"href":"https:\/\/www.cx80.sk\/index.php?rest_route=%2Fwp%2Fv2%2Fcomments&post=380"}],"version-history":[{"count":1,"href":"https:\/\/www.cx80.sk\/index.php?rest_route=\/wp\/v2\/pages\/380\/revisions"}],"predecessor-version":[{"id":384,"href":"https:\/\/www.cx80.sk\/index.php?rest_route=\/wp\/v2\/pages\/380\/revisions\/384"}],"wp:featuredmedia":[{"embeddable":true,"href":"https:\/\/www.cx80.sk\/index.php?rest_route=\/wp\/v2\/media\/37"}],"wp:attachment":[{"href":"https:\/\/www.cx80.sk\/index.php?rest_route=%2Fwp%2Fv2%2Fmedia&parent=380"}],"curies":[{"name":"wp","href":"https:\/\/api.w.org\/{rel}","templated":true}]}}