{"id":438,"date":"2025-11-03T21:00:55","date_gmt":"2025-11-03T20:00:55","guid":{"rendered":"https:\/\/www.cx80.sk\/?page_id=438"},"modified":"2025-11-03T21:00:57","modified_gmt":"2025-11-03T20:00:57","slug":"protipoziarna-zmes","status":"publish","type":"page","link":"https:\/\/www.cx80.sk\/?page_id=438","title":{"rendered":"Protipo\u017eiarna zmes"},"content":{"rendered":"\n<p>Pru\u017en\u00fd protipo\u017eiarny tmel na b\u00e1ze silik\u00f3nu na maxim\u00e1lnu deformovate\u013enos\u0165 line\u00e1rnych dilata\u010dn\u00fdch \u0161k\u00e1r v protipo\u017eiarnych deliacich prvkoch.<\/p>\n\n\n\n<div class=\"wp-block-columns is-layout-flex wp-container-core-columns-is-layout-28f84493 wp-block-columns-is-layout-flex\">\n<div class=\"wp-block-column is-layout-flow wp-block-column-is-layout-flow\" style=\"flex-basis:33.33%\">\n<figure class=\"wp-block-image size-full is-resized\"><img loading=\"lazy\" decoding=\"async\" width=\"374\" height=\"1000\" src=\"https:\/\/www.cx80.sk\/wp-content\/uploads\/2025\/11\/fire_stop-3.jpg\" alt=\"\" class=\"wp-image-422\" style=\"width:163px;height:auto\" srcset=\"https:\/\/www.cx80.sk\/wp-content\/uploads\/2025\/11\/fire_stop-3.jpg 374w, https:\/\/www.cx80.sk\/wp-content\/uploads\/2025\/11\/fire_stop-3-112x300.jpg 112w\" sizes=\"auto, (max-width: 374px) 100vw, 374px\" \/><\/figure>\n<\/div>\n\n\n\n<div class=\"wp-block-column is-layout-flow wp-block-column-is-layout-flow\" style=\"flex-basis:66.66%\">\n<p><strong>VLASTNOSTI<\/strong>: vysok\u00e1 kompenz\u00e1cia deform\u00e1ci\u00ed v dilata\u010dn\u00fdch \u0161k\u00e1rach \u2013 odolnos\u0165 vo\u010di plynom, dymu a vode (pou\u017eitie v interi\u00e9ri) \u2013 vynikaj\u00faca odolnos\u0165 vo\u010di poveternostn\u00fdm vplyvom (odolnos\u0165 vo\u010di oz\u00f3nu a UV \u017eiareniu) \u2013 zna\u010dn\u00e1 \u0161\u00edrka \u0161k\u00e1r (max. do 120 mm) \u2013 teplotn\u00e1 odolnos\u0165 od -40 \u00b0C do +180 \u00b0C \u2013 neobsahuje izokyan\u00e1ty a in\u00e9 \u0161kodliv\u00e9 rozp\u00fa\u0161\u0165adl\u00e1. <\/p>\n\n\n\n<p><strong>POU\u017dITIE<\/strong>: dilata\u010dn\u00e9 \u0161k\u00e1ry pre podlahy (vn\u00fatorn\u00e9 a vonkaj\u0161ie) \u2013 spojovacie \u0161k\u00e1ry medzi oce\u013eov\u00fdmi nosn\u00edkmi a stenami (r\u00e1mov\u00e1 kon\u0161trukcia) \u2013 \u0161k\u00e1ry s najvy\u0161\u0161\u00edmi n\u00e1rokmi.<\/p>\n<\/div>\n<\/div>\n\n\n\n<p><\/p>\n","protected":false},"excerpt":{"rendered":"<p>Pru\u017en\u00fd protipo\u017eiarny tmel na b\u00e1ze silik\u00f3nu na maxim\u00e1lnu deformovate\u013enos\u0165 line\u00e1rnych dilata\u010dn\u00fdch \u0161k\u00e1r v protipo\u017eiarnych deliacich prvkoch. VLASTNOSTI: vysok\u00e1 kompenz\u00e1cia deform\u00e1ci\u00ed v dilata\u010dn\u00fdch \u0161k\u00e1rach \u2013 odolnos\u0165 vo\u010di plynom, dymu a vode (pou\u017eitie v interi\u00e9ri) \u2013 vynikaj\u00faca odolnos\u0165 vo\u010di poveternostn\u00fdm vplyvom (odolnos\u0165 vo\u010di oz\u00f3nu a UV \u017eiareniu) \u2013 zna\u010dn\u00e1 \u0161\u00edrka \u0161k\u00e1r (max. [&hellip;]<\/p>\n","protected":false},"author":1,"featured_media":0,"parent":0,"menu_order":0,"comment_status":"closed","ping_status":"closed","template":"","meta":{"footnotes":""},"class_list":["post-438","page","type-page","status-publish","hentry"],"_links":{"self":[{"href":"https:\/\/www.cx80.sk\/index.php?rest_route=\/wp\/v2\/pages\/438","targetHints":{"allow":["GET"]}}],"collection":[{"href":"https:\/\/www.cx80.sk\/index.php?rest_route=\/wp\/v2\/pages"}],"about":[{"href":"https:\/\/www.cx80.sk\/index.php?rest_route=\/wp\/v2\/types\/page"}],"author":[{"embeddable":true,"href":"https:\/\/www.cx80.sk\/index.php?rest_route=\/wp\/v2\/users\/1"}],"replies":[{"embeddable":true,"href":"https:\/\/www.cx80.sk\/index.php?rest_route=%2Fwp%2Fv2%2Fcomments&post=438"}],"version-history":[{"count":1,"href":"https:\/\/www.cx80.sk\/index.php?rest_route=\/wp\/v2\/pages\/438\/revisions"}],"predecessor-version":[{"id":440,"href":"https:\/\/www.cx80.sk\/index.php?rest_route=\/wp\/v2\/pages\/438\/revisions\/440"}],"wp:attachment":[{"href":"https:\/\/www.cx80.sk\/index.php?rest_route=%2Fwp%2Fv2%2Fmedia&parent=438"}],"curies":[{"name":"wp","href":"https:\/\/api.w.org\/{rel}","templated":true}]}}