{"id":466,"date":"2025-11-03T21:51:41","date_gmt":"2025-11-03T20:51:41","guid":{"rendered":"https:\/\/www.cx80.sk\/?page_id=466"},"modified":"2025-11-03T21:52:28","modified_gmt":"2025-11-03T20:52:28","slug":"potravinarsky-tmel","status":"publish","type":"page","link":"https:\/\/www.cx80.sk\/?page_id=466","title":{"rendered":"POTRAVIN\u00c1RSKY TMEL"},"content":{"rendered":"\n<p>Silik\u00f3nov\u00fd tmel na tesnenie spojov v aplik\u00e1ci\u00e1ch, ktor\u00e9 prich\u00e1dzaj\u00fa do styku s potravinami a pitnou vodou.<\/p>\n\n\n\n<div class=\"wp-block-columns is-layout-flex wp-container-core-columns-is-layout-28f84493 wp-block-columns-is-layout-flex\">\n<div class=\"wp-block-column is-layout-flow wp-block-column-is-layout-flow\" style=\"flex-basis:33.33%\">\n<figure class=\"wp-block-image size-full\"><img loading=\"lazy\" decoding=\"async\" width=\"800\" height=\"800\" src=\"https:\/\/www.cx80.sk\/wp-content\/uploads\/2025\/11\/food-grade-sealant.jpg\" alt=\"\" class=\"wp-image-455\" srcset=\"https:\/\/www.cx80.sk\/wp-content\/uploads\/2025\/11\/food-grade-sealant.jpg 800w, https:\/\/www.cx80.sk\/wp-content\/uploads\/2025\/11\/food-grade-sealant-300x300.jpg 300w, https:\/\/www.cx80.sk\/wp-content\/uploads\/2025\/11\/food-grade-sealant-150x150.jpg 150w, https:\/\/www.cx80.sk\/wp-content\/uploads\/2025\/11\/food-grade-sealant-768x768.jpg 768w\" sizes=\"auto, (max-width: 800px) 100vw, 800px\" \/><\/figure>\n<\/div>\n\n\n\n<div class=\"wp-block-column is-layout-flow wp-block-column-is-layout-flow\" style=\"flex-basis:66.66%\">\n<p><strong>VLASTNOSTI<\/strong>: certifik\u00e1t NSF \u2013 odoln\u00fd vo\u010di starnutiu \u2013 nekoroduje s kovmi \u2013 bez z\u00e1pachu \u2013 neutr\u00e1lne vytvrdzuje.<\/p>\n<\/div>\n<\/div>\n","protected":false},"excerpt":{"rendered":"<p>Silik\u00f3nov\u00fd tmel na tesnenie spojov v aplik\u00e1ci\u00e1ch, ktor\u00e9 prich\u00e1dzaj\u00fa do styku s potravinami a pitnou vodou. VLASTNOSTI: certifik\u00e1t NSF \u2013 odoln\u00fd vo\u010di starnutiu \u2013 nekoroduje s kovmi \u2013 bez z\u00e1pachu \u2013 neutr\u00e1lne vytvrdzuje.<\/p>\n","protected":false},"author":1,"featured_media":0,"parent":0,"menu_order":0,"comment_status":"closed","ping_status":"closed","template":"","meta":{"footnotes":""},"class_list":["post-466","page","type-page","status-publish","hentry"],"_links":{"self":[{"href":"https:\/\/www.cx80.sk\/index.php?rest_route=\/wp\/v2\/pages\/466","targetHints":{"allow":["GET"]}}],"collection":[{"href":"https:\/\/www.cx80.sk\/index.php?rest_route=\/wp\/v2\/pages"}],"about":[{"href":"https:\/\/www.cx80.sk\/index.php?rest_route=\/wp\/v2\/types\/page"}],"author":[{"embeddable":true,"href":"https:\/\/www.cx80.sk\/index.php?rest_route=\/wp\/v2\/users\/1"}],"replies":[{"embeddable":true,"href":"https:\/\/www.cx80.sk\/index.php?rest_route=%2Fwp%2Fv2%2Fcomments&post=466"}],"version-history":[{"count":2,"href":"https:\/\/www.cx80.sk\/index.php?rest_route=\/wp\/v2\/pages\/466\/revisions"}],"predecessor-version":[{"id":469,"href":"https:\/\/www.cx80.sk\/index.php?rest_route=\/wp\/v2\/pages\/466\/revisions\/469"}],"wp:attachment":[{"href":"https:\/\/www.cx80.sk\/index.php?rest_route=%2Fwp%2Fv2%2Fmedia&parent=466"}],"curies":[{"name":"wp","href":"https:\/\/api.w.org\/{rel}","templated":true}]}}